e of 2285?
False
Is 127 a factor of 109090170?
False
Is 1244902094 a multiple of 944?
False
Is 11 a factor of 42416497?
False
Does 278 divide 32448438?
True
Does 113 divide 2200882477?
False
Does 36 divide 17314092?
True
Is 47282521 a multiple of 2267?
False
Is 10 a factor of 12431506?
False
Is 796979120 a multiple of 80?
True
Is 878132784 a multiple of 6262?
True
Is 24972575 a multiple of 30?
False
Is 106 a factor of 463076476?
True
Does 1577 divide 481887305?
False
Does 6 divide 194773005?
False
Is 256 a factor of 13850509?
False
Does 82 divide 143959282?
True
Is 159412166 a multiple of 382?
False
Is 4 a factor of 45996446?
False
Is 299655 a multiple of 9?
True
Is 3156092537 a multiple of 13?
True
Is 1748 a factor of 61837248?
True
Does 80 divide 43857526?
False
Is 107 a factor of 2519728249?
False
Is 301 a factor of 62593552?
True
Is 51942884 a multiple of 133?
True
Is 273059795 a multiple of 205?
True
Is 2145756309 a multiple of 1383?
True
Is 14451822 a multiple of 4?
False
Does 34 divide 38421366?
False
Is 19604536 a multiple of 238?
True
Is 5485943 a multiple of 3?
False
Does 288 divide 583076221?
False
Does 3315 divide 21955245?
True
Is 71 a factor of 45083890?
False
Is 2838 a factor of 103218060?
True
Is 78521292 a multiple of 45?
False
Is 100 a factor of 11637710?
False
Is 106933256 a multiple of 3197?
True
Is 207 a factor of 273417606?
True
Is 287939034 a multiple of 171?
True
Is 41912640 a multiple of 648?
True
Is 21047033 a multiple of 30?
False
Does 59 divide 40113982?
True
Does 539 divide 130618689?
False
Is 43646850 a multiple of 32?
False
Does 7 divide 57279146?
False
Is 121283115 a multiple of 122?
False
Is 3600 a factor of 401349600?
True
Is 186 a factor of 155580547?
False
Does 1573 divide 160920460?
False
Is 727 a factor of 26276328?
False
Is 1449 a factor of 1481221413?
True
Is 37 a factor of 34175456?
False
Does 28 divide 242459616?
True
Does 197 divide 571497?
True
Is 9150301 a multiple of 372?
False
Is 585 a factor of 263432520?
True
Is 50593432 a multiple of 376?
True
Is 930 a factor of 182062380?
True
Is 15571672 a multiple of 248?
True
Does 8 divide 25395744?
True
Does 235 divide 10050950?
True
Is 18327369 a multiple of 9?
False
Does 153 divide 3842792400?
False
Is 1806874920 a multiple of 1476?
True
Is 11242111 even?
False
Is 12 a factor of 200609572?
False
Is 1383681 a multiple of 39?
True
Is 34916908 a multiple of 767?
True
Does 18 divide 22829826?
False
Does 677 divide 2417150645?
True
Does 12 divide 599244?
True
Does 40 divide 76947840?
True
Is 563 a factor of 946328628?
False
Is 512 a factor of 15147008?
True
Is 49422348 a multiple of 4?
True
Is 150497388 a multiple of 82?
True
Does 10 divide 500438726?
False
Is 156013025 a multiple of 4025?
True
Is 7634328 a multiple of 13?
True
Is 9006864 a multiple of 744?
True
Is 36567684 a multiple of 18?
True
Is 5493733268 a multiple of 12941?
False
Does 81 divide 424436760?
True
Is 169 a factor of 275087343?
False
Does 38 divide 104552212?
True
Is 7 a factor of 2923641?
True
Is 313975121 a multiple of 451?
False
Is 12 a factor of 4374649932?
True
Is 37365600 a multiple of 2400?
True
Is 318786521 a multiple of 1965?
False
Is 665552880 a multiple of 45?
True
Is 31903836 a multiple of 2?
True
Is 11 a factor of 427926455?
True
Is 285825458 a multiple of 19?
False
Is 13 a factor of 189294898?
True
Does 8 divide 15893384?
True
Does 207 divide 535225203?
True
Is 134 a factor of 24359108?
False
Does 3 divide 4701342?
True
Is 2031 a factor of 732701442?
False
Is 3877 a factor of 1068322858?
True
Is 50 a factor of 4758677411?
False
Does 37 divide 876974?
True
Is 170 a factor of 3587963730?
True
Is 1102936 a multiple of 2?
True
Is 1408 a factor of 1447424?
True
Does 3 divide 5714449?
False
Does 341 divide 445572765?
True
Is 2841292 a multiple of 538?
False
Is 33797997 a multiple of 8?
False
Is 3636 a factor of 371916427?
False
Does 963 divide 797097626?
False
Does 171 divide 1483669408?
False
Is 911184 a multiple of 15?
False
Is 6930 a factor of 1256634077?
False
Is 272652844 a multiple of 15?
False
Is 994739874 a multiple of 2382?
True
Is 4606771 a multiple of 479?
False
Is 226 a factor of 7881280?
False
Is 241968235 a multiple of 37?
False
Is 52796106 a multiple of 145?
False
Is 11645640 a multiple of 1575?
False
Is 17 a factor of 11691529?
True
Is 46 a factor of 93054527?
False
Is 270919006 a multiple of 5016?
False
Is 1473 a factor of 374142?
True
Does 766 divide 186827389?
False
Is 1471979194 a multiple of 15?
False
Is 18440180 a multiple of 1738?
True
Is 399 a factor of 39353680?
False
Is 29 a factor of 83511755?
False
Does 13 divide 3062615309?
True
Does 5 divide 153360375?
True
Does 5074 divide 3446843818?
False
Is 6515700 a multiple of 106?
False
Is 24589816 a multiple of 286?
False
Is 10 a factor of 59590067?
False
Does 484 divide 3179515064?
True
Does 8 divide 1213266?
False
Is 20412925 a multiple of 2675?
True
Is 1104 a factor of 193680240?
True
Does 1201 divide 16219446?
False
Is 160523946 a multiple of 207?
True
Does 29 divide 731698493?
False
Does 44 divide 1024475936?
True
Is 746 a factor of 439981102?
True
Is 232816212 a multiple of 887?
True
Does 33 divide 23234685?
False
Is 325 a factor of 34571300?
False
Is 27 a factor of 19634049?
True
Does 616 divide 36246877?
False
Does 1213 divide 172885251?
True
Is 5 a factor of 4903971?
False
Does 62 divide 3575042?
False
Does 44 divide 1007308852?
True
Is 146 a factor of 23156014?
False
Does 435 divide 7291905?
True
Is 28 a factor of 185866?
False
Is 2774006706 a multiple of 2598?
True
Is 6 a factor of 104839235?
False
Is 1926 a factor of 95486844?
False
Is 55334400 a multiple of 44?
True
Does 2381 divide 226314470?
False
Is 604010622 a multiple of 1654?
False
Is 723 a factor of 1222859?
False
Is 151 a factor of 98542541?
False
Is 19052067 a multiple of 33?
False
Is 43 a factor of 26877064?
True
Is 27886970 a multiple of 75?
False
Is 263533035 a multiple of 180?
False
Is 308 a factor of 32067834?
False
Does 803 divide 28838393?
False
Is 108 a factor of 19099129?
False
Does 698 divide 5171893?
False
Is 271 a factor of 8551676?
True
Does 42 divide 569228184?
True
Is 107 a factor of 56702514?
False
Is 347614619 a multiple of 11?
True
Is 424 a factor of 67927768?
True
Is 1907683989 a multiple of 579?
True
Does 7 divide 624706082?
True
Is 8009119 a multiple of 2?
False
Is 9374869 a multiple of 23?
True
Is 65983182 a multiple of 111?
False
Is 127 a factor of 11913382?
False
Is 9 a factor of 68565285?
True
Does 857 divide 1182165511?
True
Does 6152 divide 423600557?
False
Is 977886353 a multiple of 161?
False
Is 46 a factor of 42597253?
False
Does 293 divide 63810712?
True
Is 49 a factor of 447909?
True
Does 19 divide 45460277?
False
Is 19815220 a multiple of 20?
True
Is 414 a factor of 119694024?
True
Does 164 divide 47839741?
False
Does 134 divide 93215840?
False
Is 20968530 even?
True
Is 88 a factor of 14129606?
False
Does 193 divide 1900325816?
False
Is 28 a factor of 55123812?
False
Is 476 a factor of 791822646?
False
Does 376 divide 70144741?
False
Is 5 a factor of 216545380?
True
Does 867 divide 135234597?
False
Does 54 divide 87946361?
False
Does 152 divide 1803953498?
False
Is 55148824 a multiple of 142?
True
Is 28 a factor of 48089412?
True
Is 386 a factor of 102477210?
True
Does 534 divide 1529409108?
True
Is 34847920 a multiple of 20?
True
Is 100 a factor of 3109900?
True
Does 19 divide 86689744?
False
Is 355287010 a multiple of 65?
True
Is 1070914824 a multiple of 9684?
True
Is 73553115 a multiple of 15?
True
Does 354 divide 108826724?
False
Is 4 a factor of 225205712?
True
Is 10716989 a multiple of 11?
False
Is 9 a factor of 36132240?
False
Does 435 divide 20567235?
True
Is 431448708 a multiple of 12?
True
Is 35481480 a multiple of 7764?
True
Is 1759 a factor of 5661976499?
True
Is 80109991 a multiple of 13?
True
Is 24612204 a multiple of 12?
True
Is 13062348 a multiple of 1017?
True
Does 1694 divide 61294002?
True
Is 523605813 a multiple of 114?
False
Does 229 divide 1374477465?
True
Does 8169 divide 1831089519?
True
Is 189 a factor of 20364489?
False
Is 192674804 a multiple of 7?
True
Is 48 a factor of 3706750423?
False
Is 2 a factor of 2906443?
False
Is 153 a factor of 7273161?
True
Is 379 a factor of 60823